of f and 28.
28
Let m(l) = 12*l**2 + 4 + 3*l - 8*l**2 - 2*l. Let p be m(-2). Let w = -20 - -38. What is the highest common factor of w and p?
18
Suppose 151 = 3*u + 4*q, 5*u + q - 102 = 144. Calculate the greatest common factor of 196 and u.
49
Let k be ((-195)/25 + 6)/((-1)/255). Calculate the highest common divisor of 51 and k.
51
Let b be (-3575)/(-110)*4/10. What is the highest common divisor of b and 1?
1
Suppose 81 = -5*o - 19. Let s = -11 - o. What is the highest common divisor of 1 and s?
1
Let o = -7 - -16. Let s be ((-8)/(-6) + -1)*o. Suppose -z + 483 = 3*z - n, 0 = s*z - n - 363. What is the greatest common divisor of z and 15?
15
Let y = 43 - 71. Let n = -8 - y. What is the highest common divisor of n and 100?
20
Let l = 40 + -10. Let n(x) = -3*x + 15. Let s be n(6). Let m be 21/7*(-20)/s. Calculate the greatest common factor of m and l.
10
Let p = 0 + 1. Suppose -3*c - c + 27 = 5*x, 3*x = 3*c. What is the highest common divisor of x and p?
1
Suppose -4*g = g. Suppose v - 5*w = 69, -5*w + g*w = 3*v - 127. Suppose -k = 4 - v. Calculate the greatest common divisor of 5 and k.
5
Suppose x - 109 = -3*y, -y - 8*x + 13*x + 31 = 0. What is the highest common divisor of y and 324?
36
Let k = -23 + 23. Suppose 4*j + u - 4*u - 32 = k, -3*u = 0. What is the greatest common factor of 12 and j?
4
Let p = 36 - -6. Let k(d) = 2*d**2 - 2*d + 3. Suppose 13*h - 9*h = -20. Let j be k(h). Calculate the highest common factor of p and j.
21
Suppose -2*w = -5*i + 62, -24 = -i - 5*w + 10. What is the highest common factor of 35 and i?
7
Let r(d) = 3*d**2 - 14*d + 8. Let t be r(6). Let u(b) = -b**2 - 3*b + 2. Let y be u(-2). What is the greatest common divisor of t and y?
4
Let i = 218 - 190. Let c = 117 - 47. Calculate the greatest common divisor of i and c.
14
Let h = -124 - -118. Let d be 6/(-9)*9*(-19 - h). Calculate the highest common factor of d and 195.
39
Suppose -4*b + 48 = 3*f, -2*b - 15*f + 26 = -13*f. Calculate the highest common factor of 207 and b.
9
Let y(j) = -j**2 + 6*j - 2. Let u be y(5). Let q be 42 + 1 - (u + -5). Suppose r - 18 = -0. What is the highest common factor of r and q?
9
Suppose 55*h - 632 = 83. Calculate the highest common divisor of h and 104.
13
Suppose 0 = -5*h + 216 - 41. Calculate the greatest common divisor of 40 and h.
5
Let b = 115 + -88. What is the greatest common factor of 9 and b?
9
Let u(l) = 6*l + 405. Let y be u(-33). What is the highest common factor of 9 and y?
9
Let v = 17 - 21. Let u = v + 19. Calculate the greatest common factor of u and 75.
15
Let b = 8 - -6. Let p be 384/21 - 4/b. Suppose -3*q = -2*s - p, 0*s + 3*s = 3*q - 18. Calculate the highest common divisor of 6 and q.
6
Suppose 2*j + 4*c - 20 = 18, 0 = -2*c + 4. Calculate the highest common divisor of j and 90.
15
Let n = -99 - -485. Suppose y + 4*r = 153, 3*y - 124 - n = 5*r. Calculate the highest common divisor of 15 and y.
15
Suppose -2*u - 3*d - 12 = -5*u, -d + 6 = u. Suppose u = 3*t - 16. Calculate the greatest common divisor of t and 35.
7
Suppose 32*f + 114 = 13*f. Let n(h) = 3*h**3 - 2 + 7 - 4*h**3 - 6*h**2. Let s be n(f). Calculate the greatest common divisor of 5 and s.
5
Suppose 0*g = -4*g + 3*c + 297, -3*g + 222 = -2*c. What is the greatest common factor of 36 and g?
36
Suppose -2728 = -143*k + 112*k. What is the highest common factor of k and 110?
22
Let t = 14 - 9. Suppose -n + 10 = 2*k, -2*n = 3*k - 11 - t. Suppose n*i + 0*i - 26 = 0. What is the greatest common factor of 13 and i?
13
Suppose 0 = -113*w - 52*w + 33*w + 2376. Suppose -249 = -4*v + 39. What is the greatest common divisor of v and w?
18
Let t be (-3)/(4 - 43/10). Let s be (18/12)/(1/t). What is the greatest common factor of 105 and s?
15
Let u be 710/42 - (-92)/966. Suppose -3*f = 3*l - 270, -4*f - 190 = -6*f - 4*l. Calculate the highest common divisor of f and u.
17
Suppose 232 = 4*v + c, -2*v + 4*v - 2*c - 106 = 0. Suppose 0 = 9*a - 74 - 268. What is the highest common divisor of a and v?
19
Let n = 393 + -380. Calculate the greatest common factor of n and 338.
13
Suppose 2*p = -5*u + 41, -p + 0*p + 4*u - 12 = 0. Let x be 4 + 92/p*14. What is the greatest common factor of x and 15?
15
Let p(b) = -15*b - 31. Let c = -137 + 134. Let q be p(c). What is the greatest common divisor of 126 and q?
14
Let i be (-8)/4 - (-3)/3. Let k(a) = 10*a**3 + a**2 + a + 1. Let q be k(i). Let j be 36/15*(-30)/q. What is the greatest common factor of 72 and j?
8
Let p be (-4 + 2 + -6)*-1. Suppose -2*m - 3*v = -6*m + 268, -2*v = p. Let h = m + -22. Calculate the highest common divisor of 21 and h.
21
Suppose 4*w + 13 + 3 = 0, 4*w = 4*v - 1096. Calculate the highest common factor of 20 and v.
10
Let y = -55 + 30. Let b be (-78)/(-10) + (-5)/y. What is the greatest common divisor of b and 4?
4
Let c be -39 + 34 - (-2 + -57). What is the greatest common factor of 63 and c?
9
Suppose l - 72 = -7*l. Let s be l/(135/350)*6/4. Calculate the highest common divisor of 7 and s.
7
Let u = 80 - 77. Suppose -u*o + 2*d = -1064, d + 479 - 2235 = -5*o. Calculate the greatest common divisor of o and 32.
32
Suppose -5*r + 50 = -36*w + 37*w, -5*w + 2*r = -142. Let p = -31 - -43. Calculate the greatest common factor of p and w.
6
Suppose 59*x = 3*v + 57*x - 1318, 5*x = 2*v - 864. Calculate the greatest common divisor of 26 and v.
26
Suppose 462 = 22*n - 21*n. What is the highest common divisor of 33 and n?
33
Let x be (-6)/(-3 - 3) - -11. Let c be 1 - (3 - 1 - 5). What is the greatest common factor of x and c?
4
Let s(r) = -86*r**3 + r**2 - 3*r - 3. Let c be s(-1). Calculate the greatest common divisor of 841 and c.
29
Let m be 9/18*(-7 + -1). Let i be (2/m)/((-1)/32). Let b(r) = r**3 + 12*r**2 - r - 4. Let v be b(-12). Calculate the greatest common divisor of i and v.
8
Let n(g) = 295*g**2 - 69*g - 1. Let a be n(-1). What is the highest common factor of 33 and a?
33
Suppose 5*s = 5*o + 355, s + 3*o - 39 = 20. What is the highest common factor of s and 425?
17
Suppose -52 = 6*h - 2*h. Let n = h - -88. Let q be (-46)/(-3) - 2/6. What is the highest common factor of n and q?
15
Let v(n) = 2*n + 11. Let o be v(-4). Suppose 0 = -o*y + 3*p + p + 341, 3*p = 12. Calculate the highest common factor of y and 34.
17
Let l(h) = -h + 22 + 19 - 19. Suppose -2*t + 11*t - t = 0. Let c be l(t). What is the greatest common factor of 22 and c?
22
Let u be (-18)/15 - (-10344)/120. Calculate the greatest common divisor of u and 68.
17
Let k(a) = -13*a**2 + 272*a + 24. Let u be k(21). Let q be -1 + 6/(-1) + -2. Let y be (q/6)/((-1)/6). What is the greatest common factor of u and y?
3
Let n(b) = b**2 - 11*b - 9. Let f(q) = -2*q - 4. Let c be f(-8). Let a be n(c). Let h be a - 186/(-3)*1. What is the highest common factor of 26 and h?
13
Let c = -204 - -216. Let m(j) = -3*j - 2. Let f be m(-6). Calculate the greatest common factor of f and c.
4
Let l(v) = v**3 + 6 + 2*v + 0 + 9*v - 9*v**2. Let m = 15 - 7. Let i be l(m). What is the highest common divisor of 15 and i?
15
Suppose -z + 2*x = -4, -4 = 5*z - 2*x - 0*x. Let j be (1/z)/((-11)/506). What is the greatest common divisor of j and 23?
23
Suppose -3*n = -7*n + 3*k + 5536, 3*n - k - 4157 = 0. Calculate the greatest common factor of n and 38.
19
Let p(a) = -10*a + 2 + 4*a - 12*a + a. Let b be p(-4). Calculate the highest common factor of b and 28.
14
Let t = 169 - 100. Suppose -5*y + 5 = 0, -3*p + 4*y - y = -t. Calculate the highest common factor of p and 6.
6
Let j(g) = 94*g**2 - 56*g + 276. Let d be j(5). What is the greatest common divisor of d and 51?
51
Let q = -908 + 918. What is the highest common divisor of 230 and q?
10
Let f = 9 - -75. Let c = -129 - -143. Suppose 0 = n - 4*p - 12, 0 = n + p + 2 - c. What is the greatest common factor of f and n?
12
Suppose -37 + 1 = -4*x. Let y(h) = 2*h. Let q be y(x). Suppose -2*i + 27 = 9. What is the highest common factor of i and q?
9
Let f = -1321 + 1416. What is the greatest common factor of f and 5?
5
Suppose 4*c = -0*c. Suppose 4*b - 16 = 0, c = -5*p - 0*b - b + 109. Let l(w) = 7*w**2 - 6*w - 3. Let v be l(3). What is the greatest common divisor of v and p?
21
Let i = -1619 + 1653. Calculate the highest common divisor of i and 2278.
34
Let p = 1050 - 1037. Let o = -124 - -189. Calculate the highest common divisor of o and